{"id":79,"date":"2023-06-15T19:53:47","date_gmt":"2023-06-15T19:53:47","guid":{"rendered":"https:\/\/www.lieblingseiscafe.com\/?page_id=79"},"modified":"2023-06-15T20:29:06","modified_gmt":"2023-06-15T20:29:06","slug":"news","status":"publish","type":"page","link":"https:\/\/www.lieblingseiscafe.com\/?page_id=79","title":{"rendered":"News"},"content":{"rendered":"\n<div class=\"wp-block-media-text alignwide is-stacked-on-mobile\"><figure class=\"wp-block-media-text__media\"><img loading=\"lazy\" decoding=\"async\" width=\"670\" height=\"423\" src=\"https:\/\/www.lieblingseiscafe.com\/wp-content\/uploads\/2023\/06\/Gabriel_Habermann_2-1.jpg\" alt=\"\" class=\"wp-image-81 size-full\" srcset=\"https:\/\/www.lieblingseiscafe.com\/wp-content\/uploads\/2023\/06\/Gabriel_Habermann_2-1.jpg 670w, https:\/\/www.lieblingseiscafe.com\/wp-content\/uploads\/2023\/06\/Gabriel_Habermann_2-1-300x189.jpg 300w\" sizes=\"auto, (max-width: 670px) 100vw, 670px\" \/><\/figure><div class=\"wp-block-media-text__content\">\n<p>ZVW, 04.04.2023<\/p>\n\n\n\n<p><strong><a href=\"HTTPS:\/\/WWW.ZVW.DE\/LOKALES\/WINTERBACH\/WARUM-DAS-EISINALFRED-ISAKSEISC%C3%A1FE-IN-WINTERBACH-MEHR-KOSTET-ALS-ANDERSWO_ARID-637591\" data-type=\"URL\" data-id=\"HTTPS:\/\/WWW.ZVW.DE\/LOKALES\/WINTERBACH\/WARUM-DAS-EISINALFRED-ISAKSEISC%C3%A1FE-IN-WINTERBACH-MEHR-KOSTET-ALS-ANDERSWO_ARID-637591\">Warum das Eis&nbsp;in&nbsp;Alfred Isaks&nbsp;Eisc\u00e1fe in Winterbach mehr kostet als anderswo<\/a><\/strong><\/p>\n<\/div><\/div>\n\n\n\n<div class=\"wp-block-media-text alignwide has-media-on-the-right is-stacked-on-mobile\"><div class=\"wp-block-media-text__content\">\n<p>ZVW, 26.08.2022<\/p>\n\n\n\n<p><strong><a href=\"https:\/\/www.zvw.de\/lokales\/winterbach\/eiscaf%C3%A9-in-winterbach-selbst-gemachtes-eis-und-konkrete-pl%C3%A4ne-f%C3%BCr-eine-neue-bar_arid-545024\" data-type=\"URL\" data-id=\"https:\/\/www.zvw.de\/lokales\/winterbach\/eiscaf%C3%A9-in-winterbach-selbst-gemachtes-eis-und-konkrete-pl%C3%A4ne-f%C3%BCr-eine-neue-bar_arid-545024\" target=\"_blank\" rel=\"noreferrer noopener\">Eiscaf\u00e9 in Winterbach: Selbst gemachtes Eis und konkrete Pl\u00e4ne f\u00fcr eine neue Bar<\/a><\/strong><\/p>\n<\/div><figure class=\"wp-block-media-text__media\"><img loading=\"lazy\" decoding=\"async\" width=\"670\" height=\"423\" src=\"https:\/\/www.lieblingseiscafe.com\/wp-content\/uploads\/2023\/06\/Gaby_Schneider3.jpg\" alt=\"\" class=\"wp-image-83 size-full\" srcset=\"https:\/\/www.lieblingseiscafe.com\/wp-content\/uploads\/2023\/06\/Gaby_Schneider3.jpg 670w, https:\/\/www.lieblingseiscafe.com\/wp-content\/uploads\/2023\/06\/Gaby_Schneider3-300x189.jpg 300w\" sizes=\"auto, (max-width: 670px) 100vw, 670px\" \/><\/figure><\/div>\n\n\n\n<p><\/p>\n\n\n\n<div class=\"wp-block-media-text alignwide is-stacked-on-mobile\"><figure class=\"wp-block-media-text__media\"><img loading=\"lazy\" decoding=\"async\" width=\"670\" height=\"423\" src=\"https:\/\/www.lieblingseiscafe.com\/wp-content\/uploads\/2023\/06\/alfred-winter.jpg\" alt=\"\" class=\"wp-image-85 size-full\" srcset=\"https:\/\/www.lieblingseiscafe.com\/wp-content\/uploads\/2023\/06\/alfred-winter.jpg 670w, https:\/\/www.lieblingseiscafe.com\/wp-content\/uploads\/2023\/06\/alfred-winter-300x189.jpg 300w\" sizes=\"auto, (max-width: 670px) 100vw, 670px\" \/><\/figure><div class=\"wp-block-media-text__content\">\n<p>ZVW, 11.01.2021<\/p>\n\n\n\n<p><\/p>\n\n\n\n<p><strong><a href=\"https:\/\/www.zvw.de\/lokales\/winterbach\/w%C3%A4rme-und-waffeln-im-lockdown-der-stand-von-alfred-isak-in-winterbach-ist-ein-zufluchtsort_arid-303026\" data-type=\"URL\" data-id=\"https:\/\/www.zvw.de\/lokales\/winterbach\/w%C3%A4rme-und-waffeln-im-lockdown-der-stand-von-alfred-isak-in-winterbach-ist-ein-zufluchtsort_arid-303026\">W\u00e4rme und Waffeln im Lockdown: Der Stand von Alfred Isak in Winterbach ist ein Zufluchtsort<\/a><\/strong><\/p>\n<\/div><\/div>\n","protected":false},"excerpt":{"rendered":"<p>ZVW, 04.04.2023 Warum das Eis&nbsp;in&nbsp;Alfred Isaks&nbsp;Eisc\u00e1fe in Winterbach mehr kostet als anderswo ZVW, 26.08.2022 Eiscaf\u00e9 in Winterbach: Selbst gemachtes Eis und konkrete Pl\u00e4ne f\u00fcr eine neue Bar ZVW, 11.01.2021 W\u00e4rme und Waffeln im Lockdown: Der Stand von Alfred Isak in Winterbach ist ein Zufluchtsort<\/p>\n","protected":false},"author":2,"featured_media":0,"parent":28,"menu_order":0,"comment_status":"closed","ping_status":"closed","template":"","meta":{"footnotes":""},"class_list":["post-79","page","type-page","status-publish","hentry"],"_links":{"self":[{"href":"https:\/\/www.lieblingseiscafe.com\/index.php?rest_route=\/wp\/v2\/pages\/79","targetHints":{"allow":["GET"]}}],"collection":[{"href":"https:\/\/www.lieblingseiscafe.com\/index.php?rest_route=\/wp\/v2\/pages"}],"about":[{"href":"https:\/\/www.lieblingseiscafe.com\/index.php?rest_route=\/wp\/v2\/types\/page"}],"author":[{"embeddable":true,"href":"https:\/\/www.lieblingseiscafe.com\/index.php?rest_route=\/wp\/v2\/users\/2"}],"replies":[{"embeddable":true,"href":"https:\/\/www.lieblingseiscafe.com\/index.php?rest_route=%2Fwp%2Fv2%2Fcomments&post=79"}],"version-history":[{"count":4,"href":"https:\/\/www.lieblingseiscafe.com\/index.php?rest_route=\/wp\/v2\/pages\/79\/revisions"}],"predecessor-version":[{"id":87,"href":"https:\/\/www.lieblingseiscafe.com\/index.php?rest_route=\/wp\/v2\/pages\/79\/revisions\/87"}],"up":[{"embeddable":true,"href":"https:\/\/www.lieblingseiscafe.com\/index.php?rest_route=\/wp\/v2\/pages\/28"}],"wp:attachment":[{"href":"https:\/\/www.lieblingseiscafe.com\/index.php?rest_route=%2Fwp%2Fv2%2Fmedia&parent=79"}],"curies":[{"name":"wp","href":"https:\/\/api.w.org\/{rel}","templated":true}]}}