{"id":28,"date":"2020-05-21T15:10:27","date_gmt":"2020-05-21T15:10:27","guid":{"rendered":"https:\/\/www.lieblingseiscafe.com\/?page_id=28"},"modified":"2023-06-15T20:22:07","modified_gmt":"2023-06-15T20:22:07","slug":"mein-lieblingseiscafe","status":"publish","type":"page","link":"https:\/\/www.lieblingseiscafe.com\/","title":{"rendered":"Mein Lieblingseiscafe"},"content":{"rendered":"\n<p>     <\/p>\n\n\n\n<p>Entdecken Sie bei uns eine Vielfalt an einzigartigen handgemachten Eiskreationen. In unserer Eismanufaktur entstehen innovative Sorten, die mit hochwertigen Zutaten und frischem Obst kreiert werden.<\/p>\n\n\n\n<p>Besuchen Sie uns und lassen Sie sich von unserem Eis verw\u00f6hnen. Wir freuen uns darauf, Sie bei uns begr\u00fc\u00dfen zu d\u00fcrfen und Ihnen unvergessliche Genussmomente zu bereiten!<\/p>\n","protected":false},"excerpt":{"rendered":"<p>Entdecken Sie bei uns eine Vielfalt an einzigartigen handgemachten Eiskreationen. In unserer Eismanufaktur entstehen innovative Sorten, die mit hochwertigen Zutaten und frischem Obst kreiert werden. Besuchen Sie uns und lassen Sie sich von unserem Eis verw\u00f6hnen. Wir freuen uns darauf, Sie bei uns begr\u00fc\u00dfen zu d\u00fcrfen und Ihnen unvergessliche Genussmomente zu bereiten!<\/p>\n","protected":false},"author":1,"featured_media":0,"parent":0,"menu_order":0,"comment_status":"closed","ping_status":"closed","template":"","meta":{"footnotes":""},"class_list":["post-28","page","type-page","status-publish","hentry"],"_links":{"self":[{"href":"https:\/\/www.lieblingseiscafe.com\/index.php?rest_route=\/wp\/v2\/pages\/28","targetHints":{"allow":["GET"]}}],"collection":[{"href":"https:\/\/www.lieblingseiscafe.com\/index.php?rest_route=\/wp\/v2\/pages"}],"about":[{"href":"https:\/\/www.lieblingseiscafe.com\/index.php?rest_route=\/wp\/v2\/types\/page"}],"author":[{"embeddable":true,"href":"https:\/\/www.lieblingseiscafe.com\/index.php?rest_route=\/wp\/v2\/users\/1"}],"replies":[{"embeddable":true,"href":"https:\/\/www.lieblingseiscafe.com\/index.php?rest_route=%2Fwp%2Fv2%2Fcomments&post=28"}],"version-history":[{"count":7,"href":"https:\/\/www.lieblingseiscafe.com\/index.php?rest_route=\/wp\/v2\/pages\/28\/revisions"}],"predecessor-version":[{"id":97,"href":"https:\/\/www.lieblingseiscafe.com\/index.php?rest_route=\/wp\/v2\/pages\/28\/revisions\/97"}],"wp:attachment":[{"href":"https:\/\/www.lieblingseiscafe.com\/index.php?rest_route=%2Fwp%2Fv2%2Fmedia&parent=28"}],"curies":[{"name":"wp","href":"https:\/\/api.w.org\/{rel}","templated":true}]}}